2, what is -b79 + 1?
-b78
In base 5, what is 1 - 34324?
-34323
In base 11, what is -220 + 3?
-218
In base 3, what is 1000020001 + 11?
1000020012
In base 3, what is -1002 - 2112?
-10121
In base 5, what is 104 + 2?
111
In base 13, what is 1 - 244?
-243
In base 7, what is 100 + 12?
112
In base 9, what is -4 - -183?
178
In base 15, what is -21 + -76?
-97
In base 11, what is -4 + 59?
55
In base 12, what is 3 + 77?
7a
In base 15, what is -a8a - 1?
-a8b
In base 16, what is 142 + -3?
13f
In base 11, what is 490 - 1?
48a
In base 6, what is -2 + -250?
-252
In base 2, what is 0 - 1111111?
-1111111
In base 10, what is 3 + 90?
93
In base 14, what is -3 - -d5?
d2
In base 13, what is 4 - 7?
-3
In base 14, what is 85 - 3?
82
In base 5, what is -10 - 23?
-33
In base 7, what is 3 + -335?
-332
In base 8, what is 4 + 54?
60
In base 15, what is d470 + -3?
d46c
In base 15, what is 23 + -17?
b
In base 6, what is -5 - 352?
-401
In base 7, what is -3 + 422?
416
In base 7, what is -1001 + 14?
-654
In base 16, what is 385 - 6?
37f
In base 8, what is -1 - 76?
-77
In base 2, what is 10000111101011 - -11?
10000111101110
In base 2, what is -101 + 110110000001?
110101111100
In base 9, what is -10 - 885?
-1005
In base 13, what is 9a - 2?
98
In base 2, what is -11 + -1011000?
-1011011
In base 8, what is 5 + 1342?
1347
In base 12, what is 853 - 3?
850
In base 3, what is -100000 - 1?
-100001
In base 15, what is 589 - -7?
591
In base 13, what is -6 + -5?
-b
In base 15, what is 6 + 0?
6
In base 11, what is -3 + -67?
-6a
In base 10, what is -752 - 1?
-753
In base 2, what is 1000 + -111101110111?
-111101101111
In base 6, what is 4 + 151?
155
In base 15, what is 5 + 307?
30c
In base 4, what is -2 + 30032?
30030
In base 12, what is -b57 + 1?
-b56
In base 16, what is 271 - 1?
270
In base 10, what is -2047 + 0?
-2047
In base 7, what is 5 + -15?
-10
In base 8, what is -17 + -1134?
-1153
In base 7, what is 3623 - 4?
3616
In base 7, what is 4 - 414?
-410
In base 16, what is -d + -67?
-74
In base 2, what is 100 - 1001011100?
-1001011000
In base 8, what is 0 + 4?
4
In base 12, what is -6 + -6?
-10
In base 11, what is 345 + -5?
340
In base 11, what is -801 - -3?
-7a9
In base 8, what is -65 + 50?
-15
In base 15, what is 8 - 697?
-68e
In base 9, what is 4 + -265?
-261
In base 16, what is fa - -5?
ff
In base 15, what is -52 - -4?
-4d
In base 6, what is -20401 + 2?
-20355
In base 13, what is -2 - 78?
-7a
In base 9, what is 60 + -203?
-133
In base 16, what is -23a - 1?
-23b
In base 13, what is -3 + -242?
-245
In base 6, what is -155 + 12?
-143
In base 8, what is -13 + -71?
-104
In base 11, what is 158 - -4?
161
In base 12, what is -16 - -8?
-a
In base 15, what is -4c + -19?
-66
In base 15, what is -1d - 148?
-166
In base 4, what is -31 - 13?
-110
In base 9, what is 2 - 85?
-83
In base 10, what is 4 - -980?
984
In base 12, what is 10 - -4?
14
In base 10, what is 5 - 82?
-77
In base 15, what is 4 + 130b?
1310
In base 8, what is 5 + -4543?
-4536
In base 11, what is 3a7 - -12?
409
In base 8, what is 1 - 4?
-3
In base 8, what is -13 + 2?
-11
In base 7, what is 14064 + -2?
14062
In base 8, what is -64 - 45?
-131
In base 11, what is -6740 + 3?
-6738
In base 5, what is 123110 + -3?
123102
In base 13, what is -119 - -10?
-109
In base 2, what is 10 + 10001110?
10010000
In base 14, what is 2d8 - -3?
2db
In base 14, what is 154 + -5?
14d
In base 4, what is -100031 - 0?
-100031
In base 8, what is -12 + 57?
45
In base 5, what is -4 - -2024?
2020
In base 13, what is -34 + 137?
103
In base 15, what is 0 + 1?
1
In base 11, what is -267 + -3?
-26a
In base 10, what is -107 + -6?
-113
In base 5, what is 4 + -14021?
-14012
In base 12, what is 0 - a3?
-a3
In base 3, what is 21220 - -1?
21221
In base 9, what is 1020 + -5?
1014
In base 9, what is 602 + 28?
631
In base 6, what is -40 + 235?
155
In base 9, what is 1 - -857?
858
In base 12, what is 4 - 1a8?
-1a4
In base 11, what is -285a + 8?
-2852
In base 3, what is -2020211 + -11?
-2020222
In base 13, what is -35 + 18?
-1a
In base 16, what is -1 + -30?
-31
In base 4, what is 1010223 - 0?
1010223
In base 6, what is 2440 - 10?
2430
In base 15, what is -5 - -a0?
9a
In base 12, what is 56 + 21?
77
In base 5, what is -4 + -101424?
-101433
In base 9, what is -184 + -25?
-220
In base 3, what is -10 + 201?
121
In base 16, what is -2 - 12c?
-12e
In base 9, what is 30 + -4?
25
In base 4, what is 30121 + 0?
30121
In base 4, what is 2 - 11?
-3
In base 10, what is -33 - -148?
115
In base 6, what is 44341 - 1?
44340
In base 13, what is -135 - 10?
-145
In base 2, what is -10110001 + -10?
-10110011
In base 10, what is -1 + 435?
434
In base 11, what is -2 - -26?
24
In base 14, what is 5 + 1267?
126c
In base 8, what is 4 + -3444?
-3440
In base 5, what is 1401041 + 1?
1401042
In base 5, what is -11 - -42?
31
In base 13, what is -2 + -32?
-34
In base 12, what is 1 - -24?
25
In base 13, what is 35 - -3?
38
In base 6, what is 403 + -1?
402
In base 13, what is 26 - -71?
97
In base 14, what is 4 - -3b0?
3b4
In base 14, what is 1 - -7a?
7b
In base 3, what is -10 - -1021?
1011
In base 14, what is 3d - -67?
a6
In base 3, what is -12 + 20010?
12221
In base 5, what is 1 + 14243?
14244
In base 7, what is -33 - 11?
-44
In base 9, what is 26 + -7?
18
In base 12, what is -420 + 1?
-41b
In base 12, what is 7 + 204?
20b
In base 7, what is 0 - 4403?
-4403
In base 6, what is -505 - -3?
-502
In base 11, what is 47 - 34?
13
In base 16, what is -35 + -10?
-45
In base 9, what is -4 + 4322?
4317
In base 7, what is -10156 - 3?
-10162
In base 14, what is -c4 - 3?
-c7
In base 2, what is -1111111100011 - -11?
-1111111100000
In base 2, what is -111 + -1011?
-10010
In base 15, what is -1d0 - 1?
-1d1
In base 9, what is -1 - -42?
41
In base 14, what is -7 - -44?
3b
In base 10, what is 19 - 13?
6
In base 7, what is -5 - 1?
-6
In base 11, what is -1835 + -2?
-1837
In base 2, what is 11010100100 - -101?
11010101001
In base 3, what is 2 - 111?
-102
In base 15, what is 4d + a2?
100
In base 12, what is 0 - -1660?
1660
In base 10, what is -3 - 2006?
-2009
In base 5, what is -1 - -20141?
20140
In base 6, what is 302 + -442?
-140
In base 12, what is -1b7 + 1?
-1b6
In base 2, what is 100 - 1000100?
-1000000
In base 4, what is -33 + -103?
-202
In base 11, what is -83 - 75?
-148
In base 3, what is -21220 + -1?
-21221
In base 9, what is -34 + -1?
-35
In base 6, what is 14 + 1450?
1504
In base 2, what is 0 + 1011?
1011
In base 2, what is 11 + 10111000?
10111011
In base 14, what is -80 - 1?
-81
In base 9, what is 35 + 5?
41
In base 2, what is 1 - 101110000?
-101101111
In base 11, what is 24 + -21?
3
In base 6, what is 22 - -4115?
4141
In base 12, what is -1 + -3?
-4
In base 5, what is -30014 - -2?
-30012
In base 3, what is 1021022020 + 11?
1021022101
In base 14, what is 1 - -81?
82
In base 10, what is 224 + 16?
240
In base 4, what is 110 + 11?
121
In base 15, what is 7e6 + 2?
7e8
In base 9, what is -28 + 76?
47
In base 3, what is 21 - 12211?
-12120
In base 16, what is 3 - c10?
-c0d
In base 10, what is 27 + 8?
35
In base 2, what is -10101000111 - 10000?
-10101010111
In base 13, what is -45a - 1?
-45b
In base 4, what is 20 - 321?
-301
In base 14, what is 4 + 400?
404
In base 4, what is -1110 + 3?
-1101
In base 13, what is -98 - 3?
-9b
In base 14, what is 7 + -18?
-11
In base 12, what is 427 - -4?
42b
In base 9, what is 33513 + -1?
33512
In base 5, what is 4 - 1433?
-1424
In base 9, what is -5 - 128?
-134
In base 6, what is -252 - -33?
-215
In base 11, what is -11 + 5?
-7
In base 15, what is -21 - -3c?
1b
In base 3, what is 10122 - 2?
10120
In base 16, what is 174 + 15?
189
In base 11, what is -4 + 460?
457
In base 16, what is 20 - -86?
a6
In base 10, what is 1753 + -7?
1746
In base 14, what is 61 + 3?
64
In base 2, what is 1101011 + 1110?
1111001
In base 7, what is 143 + -4?
136
In base 5, what is 3 + 41113?
41121
In base 2, what is -101110100001 + -1001?
-101110101010
In base 3, what is 2102 - 100?
2002
In base 5, what is 3331 - -30?
3411
In base 3, what is -120 - 1220?
-2110
In base 16, what is -bef + -5?
-bf4
In base 3, what is 0 + 1000111?
1000111
In base 13, what is -26 - 4?
-2a
In base 4, what is 22 - -1112?
1200
In base 12, what is 5 + -9?
-4
In base 15, what is -b9 - -4?
-b5
In base 15, what is -4 + -19?
-1d
In base 12, what